 = d - 770, -s - 462 = -3*d. What is the highest common factor of 14 and d?
14
Suppose -4*l = -2*l. Suppose 5*s = -l*s + 25, 2*v + 5*s = 109. Let a(f) = 5*f**2 + 1. Let u be a(1). Calculate the highest common divisor of v and u.
6
Let h be -3 - (-2 + 119)/(-3). What is the highest common factor of h and 12?
12
Suppose x - 2*f = 1, 3*x + 5*f - 8 = 6. Suppose 3*h = k + 2*h - 12, 28 = 5*k + x*h. Calculate the greatest common factor of k and 40.
8
Suppose 3*z - 2*b - 52 = 2*b, 5*b - 43 = -3*z. What is the highest common factor of 80 and z?
16
Suppose -480 = -2*c - 3*c. What is the greatest common factor of c and 12?
12
Suppose -2 - 6 = -4*h. Suppose -7*l + 2*l - 4*c = -39, -h*c - 63 = -5*l. Calculate the greatest common divisor of l and 121.
11
Let w(x) = -x + 2. Let a be w(7). Let b(h) = 4*h**2 + h - 7. Let j be b(a). Suppose 0 = -4*z + 2*z + 22. What is the greatest common factor of z and j?
11
Let j(v) = v**3 + 2*v + 2. Let q be j(-2). Let g = q + 15. Suppose 0 = 4*c - f - 182, -3*f = 4*c - g*f - 184. Calculate the greatest common divisor of c and 15.
15
Suppose -10*z - 2 = -12*z. Calculate the highest common factor of 11 and z.
1
Let u be ((-4)/8)/((-2)/208). What is the greatest common divisor of u and 13?
13
Let h(p) = -3*p + 4. Let y(v) = 2*v - 3. Let m(o) = 3*h(o) + 4*y(o). Let z be m(-10). Let b be 302/z - 3/15. What is the highest common factor of 45 and b?
15
Let l be -5 + 3 + (-3)/(-3). Let m be 54/24*(-4)/l. Calculate the highest common factor of 72 and m.
9
Let m(a) = -11*a - 4. Let o be m(-6). Suppose -64 = -3*y + 4*b, 0 = 3*y + 5*b - o + 7. Suppose 2*i + 8 = 28. What is the greatest common factor of i and y?
10
Let o = -16 + 36. Suppose -5*w = -7*w + 100. What is the greatest common factor of w and o?
10
Let j be 1 + (-6)/2 + 2. Suppose 2*p + p - 45 = j. Suppose 2*y - 3*h - 57 = 42, 4*y - 168 = -4*h. Calculate the highest common divisor of y and p.
15
Suppose 0 = 3*r + 9, -4*r + 2 = q + 7. Suppose 0 = -q*t + 2*t. Let f be t + 2/2 + 1. Calculate the highest common divisor of 5 and f.
1
Let a be 5 - (-1)/2*0. Suppose -z + 16 + 14 = t, 2*z = 4*t + 90. Calculate the greatest common divisor of z and a.
5
Let l be 18 + -3 + 3*1. Let v = l + -4. Calculate the greatest common divisor of 14 and v.
14
Let p = 170 - 50. What is the highest common factor of 48 and p?
24
Let n = 23 - -1. What is the greatest common divisor of 24 and n?
24
Suppose 0*p = p - 8. Suppose -4*t + 19 = 5*q - 4, 0 = 4*t - 2*q - 58. Calculate the highest common factor of p and t.
4
Suppose 3*x = -2*x + 3*f + 20, 4*x - f = 23. Calculate the highest common divisor of 1 and x.
1
Suppose 3*m - 63 = -4*b, 2*b = m - 9 - 2. Suppose o - 33 = 1. Calculate the highest common factor of m and o.
17
Let x be ((-4)/12)/((-5)/165). What is the highest common divisor of 22 and x?
11
Let b be (1*-12)/(-3) - (7 - 19). Calculate the highest common divisor of 16 and b.
16
Let t be (-31)/(-2) - 2*(-2)/8. What is the greatest common factor of 16 and t?
16
Let g = 1 + 104. What is the highest common divisor of 15 and g?
15
Suppose -34*l - 8 = -35*l. What is the highest common factor of l and 40?
8
Suppose 0 = -n + 5*x + 38, -2*n - 2*x + 8 = -8. What is the highest common factor of n and 39?
13
Let v = -7 + 4. Let s be -2 + (-6)/v - -1. Let c(b) = b**3 + 3*b**2 - b + 4. Let n be c(-3). What is the greatest common factor of s and n?
1
Suppose 3*k = 15 - 3. Let m(o) = -o**2 + 5*o + 2. Let d be m(4). Calculate the highest common divisor of k and d.
2
Let i = 3 - 1. Let t be (0 - 2)*(-32 + i). Calculate the greatest common divisor of 24 and t.
12
Let q be (-2)/(-7) - (-1443)/21. Calculate the highest common factor of q and 46.
23
Let w = 54 + -4. Calculate the greatest common factor of 10 and w.
10
Let d be (-79)/(-7) - 6/21. Let h be -3 - (-2 - 15) - 3. Calculate the highest common divisor of h and d.
11
Let r be 0 - ((1 - 2) + -2). Suppose j = 2*o + 12, 6*o - 2 = -j + r*o. What is the highest common factor of j and 8?
8
Let v = -3 + 7. What is the greatest common factor of v and 32?
4
Let s(p) = p**3 + 6*p**2 - 10*p - 7. Let i be s(-7). Let f be 272/14 + (-6)/i. What is the highest common divisor of f and 19?
19
Let l be 1/(-4) - (-253)/4. Let c be 0 + 13 - (1 - -3). Calculate the greatest common divisor of c and l.
9
Let x = 189 + -99. What is the greatest common divisor of x and 36?
18
Let f(l) = -l**2 + 6*l - 2. Let q be f(4). Let t(z) = -q + 2 + 2 - 2 + 2*z. Let k be t(7). What is the greatest common factor of 2 and k?
2
Let r be ((-3)/(9/(-15)))/1. Let w = r - -1. Let a be -2 - (-24 - (2 - 0)). What is the greatest common divisor of w and a?
6
Suppose -4*v + j = 5*j, j = 3*v - 8. Suppose -v*b = 5*x - 92, -3*x + 5*x - 5*b = 31. What is the greatest common divisor of x and 54?
18
Let y be (0/1)/(4 - 5). Suppose 2*x = -5*w + 364, w - x + y*x = 77. Let t be w/9 + 8/(-36). What is the highest common factor of 40 and t?
8
Let k = -8 + 5. Let a = 3 + k. Let c be (30/(-2))/(-1 + a). Calculate the highest common factor of c and 105.
15
Let q(m) = -6*m. Suppose 4*p - 8 = 8. Suppose p + 3 = -z. Let i be q(z). What is the greatest common factor of i and 14?
14
Let h(r) = r**3 - 4*r**2 - 4*r - 5. Let k be h(5). Suppose -5*d - 20 = -k*d. Let i be (-526)/(-5) + d/20. Calculate the highest common divisor of i and 21.
21
Let f = -15 - -31. Let q = f - 5. Let x be 98 - 1 - (-4)/2. Calculate the greatest common factor of q and x.
11
Let d(g) = -g - 10. Let f be d(-7). Let x be 10/4 - f/2. Let q be (x/(-10))/(5/(-200)). What is the greatest common factor of q and 48?
16
Let f = 60 - 24. What is the highest common factor of f and 54?
18
Let r be 38/5 + (-8)/(-20). What is the highest common factor of 8 and r?
8
Let u = 2 + 5. Let z(d) be the first derivative of -d**2/2 + 15*d + 1. Let n be z(u). Calculate the greatest common factor of 64 and n.
8
Let h(t) = t**3 - 5*t**2 + 5*t - 5. Let x be 1*-1*(-4 - 1). Let o be h(x). What is the greatest common factor of 80 and o?
20
Let n = -9 - -8. Let q be n/(3/15*-1). Suppose -q*u + 14 = 2*m, u + 11 = 5*m - 10*m. Calculate the highest common factor of u and 4.
4
Let n(c) = 54*c - 4. Let z be n(4). Let w = 355 - z. Let f(o) = -o**3 + o**2 + 13. Let s be f(0). Calculate the greatest common divisor of w and s.
13
Suppose 0 = -5*m - 0*m + 630. What is the greatest common divisor of m and 14?
14
Let a = -3 - -35. What is the highest common factor of a and 8?
8
Suppose -5*g + 3*g + 14 = 0. What is the highest common divisor of 28 and g?
7
Suppose -5*c = -x - 81, -9 - 11 = -c + 4*x. What is the greatest common factor of 176 and c?
16
Suppose 3*u - 75 = -2*u. Let k be 2 + 102 + 2 + -1. What is the highest common divisor of u and k?
15
Let d(t) = t**2 + 4*t - 3. Let l be d(-7). Let g be ((-162)/(-36))/(3/8). What is the highest common factor of g and l?
6
Suppose -2*s + 0*s = -3*j + 59, 4*j - 3*s - 78 = 0. Let l(r) = r + 7. Let m be l(7). Calculate the greatest common factor of j and m.
7
Let g be (-1)/2*-14*(-28 + 29). What is the highest common divisor of g and 77?
7
Let g be 39*(1 + 16/6). Let y be (-4)/18 - 1428/(-108). Calculate the greatest common factor of g and y.
13
Suppose 7*i = -2*q + 2*i + 32, 0 = -4*q - 2*i + 32. Suppose -w + 3 = -q. Calculate the highest common divisor of 63 and w.
9
Let w = 15 - 6. What is the highest common divisor of 3 and w?
3
Let m = -5 - -3. Let k be -4*4*m/4. Suppose h = -3*h + k. What is the greatest common factor of h and 8?
2
Suppose 2*v - 4*y = -v + 21, -5*y = 5*v. Suppose -4*h + 16 = 4*p, 4*h = h + 2*p - v. Let l be (-2)/4*-2 - -4. Calculate the highest common factor of l and h.
1
Let x be (-12)/(-2)*(1 + -2 + 2). Calculate the highest common factor of x and 6.
6
Let y(a) = a**2 - 4*a - 10. Let v be y(7). Let b(z) = z**3 + 4*z**2 + 4*z + 4. Let p be b(-3). What is the greatest common factor of p and v?
1
Let x(u) = u - 9. Let j be x(28). Calculate the greatest common factor of 19 and j.
19
Let z be 0 - 3 - 8/8. Let f(p) = -5*p + 3. Let i be f(-5). Let j be (-4 - i)/(z/6). Calculate the greatest common factor of j and 16.
16
Let c be (-2)/(2/3*3/(-9)). What is the highest common divisor of c and 12?
3
Let s(y) = -3*y - 8 + 2 + 2*y. Let w be s(-9). Suppose -w*k + 3 + 5 = d, 0 = 5*k - 5. What is the highest common factor of d and 50?
5